
2
Let x(s) = -59*s + 3321. Determine x(56).
17
Let a(t) = 2*t**2 + 3*t - 528. What is a(16)?
32
Let p(d) = 540*d + 4323. What is p(-8)?
3
Let w(k) = -266*k - 2392. Give w(-9).
2
Let t(p) = 2*p**2 + 65*p - 80. Calculate t(-28).
-332
Let k(z) = 4808*z - 76933. Give k(16).
-5
Let p(r) = 6*r + 35. What is p(-27)?
-127
Let y(c) = -4*c**2 - 449*c - 2645. Determine y(-106).
5
Let u(n) = 338*n - 925. What is u(5)?
765
Let l(x) = -197*x - 133. Give l(1).
-330
Let c(n) = n**3 + 46*n**2 - 47*n + 139. What is c(-47)?
139
Let h(z) = 7*z**2 + 332*z + 139. Determine h(-47).
-2
Let a(w) = 2*w**2 + 53*w + 243. Determine a(-5).
28
Let s(p) = p - 38. Determine s(6).
-32
Let w(s) = s**3 - 31*s**2 + 137*s - 43. What is w(5)?
-8
Let s(v) = -11*v**2 + 49*v + 338. Give s(-6).
-352
Let h(n) = 4*n**2 - 53*n + 19. Give h(11).
-80
Let n(p) = -79*p - 12236. Give n(-154).
-70
Let p(x) = -75*x - 2723. Give p(-36).
-23
Let d(x) = -2*x**3 - 38*x**2 - 43*x. What is d(-18)?
126
Let y(x) = 170*x**3 + 5*x + 6. What is y(-1)?
-169
Let b(h) = 14*h - 394. What is b(30)?
26
Let h(l) = 4*l**2 - 95*l + 177. Determine h(2).
3
Let a(l) = -l + 162. Determine a(58).
104
Let s(f) = f**3 - 28*f**2 - 106*f + 147. Calculate s(31).
-256
Let p(y) = 5*y + 123. Give p(-27).
-12
Let x(r) = -12*r**2 - 3*r + 12. Give x(3).
-105
Let k(g) = -258*g + 10061. Give k(39).
-1
Let d(w) = -8*w + 293. Give d(37).
-3
Let m(i) = -2*i**2 - 17*i + 676. Calculate m(-23).
9
Let v(i) = -547*i - 10371. Calculate v(-19).
22
Let d(f) = -2*f**3 - 115*f**2 + 173*f - 284. Determine d(-59).
-48
Let u(q) = -q**3 + 12*q**2 - 17*q + 150. Give u(12).
-54
Let z(f) = 5*f**2 + 64*f + 6. What is z(0)?
6
Let t(g) = 8*g**2 - 25*g + 144. Calculate t(7).
361
Let g(l) = l**3 + 29*l**2 - 54*l + 74. Calculate g(-31).
-174
Let u(t) = t**3 - 23*t**2 - 46*t + 7. Give u(-2).
-1
Let k(o) = -o**2 + 8*o + 1071. What is k(37)?
-2
Let i(a) = -554*a + 94185. Determine i(170).
5
Let o(m) = -2*m**2 - 60*m - 97. Calculate o(-25).
153
Let l(s) = 66*s + 12. Determine l(1).
78
Let r(p) = -p**2 - 48*p + 1400. What is r(-68)?
40
Let l(y) = 63*y + 30. Calculate l(-1).
-33
Let w(v) = -v**2 + 159*v - 1980. Give w(14).
50
Let l(d) = -d**3 - 2*d**2 - 10*d + 127. What is l(8)?
-593
Let y(o) = o**2 + 364*o + 2151. Determine y(-6).
3
Let r(w) = -86*w - 51. Give r(-3).
207
Let c(k) = 170*k**2 - 15*k - 13. Calculate c(2).
637
Let z(d) = 4*d**2 - d + 127. Give z(0).
127
Let x(v) = 2*v**2 - 17*v + 18. Calculate x(11).
73
Let k(g) = -g**3 + 124*g**2 + 131*g - 791. What is k(125)?
-41
Let d(a) = -5*a**2 + 207*a + 2757. Determine d(52).
1
Let y(w) = -1476*w - 67888. Calculate y(-46).
8
Let q(o) = 34*o - 381. What is q(11)?
-7
Let x(i) = i**2 - 62*i + 942. What is x(36)?
6
Let i(b) = 9*b**2 + 44*b + 152. Give i(-4).
120
Let u(y) = y**3 + 2*y**2 - 566*y - 1696. Calculate u(-3).
-7
Let v(i) = -i**2 + 1239*i - 4954. Calculate v(4).
-14
Let k(o) = 252*o - 515. Give k(2).
-11
Let g(m) = m**3 + 43*m**2 - 142*m - 192. Calculate g(-46).
-8
Let p(j) = j**2 - 618*j - 10788. Give p(-17).
7
Let s(m) = -m**3 - 6*m**2 + 45*m + 303. What is s(-6)?
33
Let u(s) = s**3 - 8*s**2 + 7*s. Calculate u(7).
0
Let v(u) = -u**3 + 483*u**2 - 484*u + 964. Give v(482).
0
Let r(j) = 50*j**2 + 2754*j - 10. Calculate r(-55).
-230
Let k(f) = -2*f**2 + 79*f - 375. What is k(5)?
-30
Let u(n) = 75*n + 732. What is u(-8)?
132
Let v(o) = 2353*o - 148248. Determine v(63).
-9
Let v(f) = -f**3 + 8*f**2 - 78*f + 618. Give v(8).
-6
Let y(f) = 3*f**3 - 25*f**2 - 113*f - 1. What is y(-4)?
-141
Let h(u) = -2*u**2 - 25*u + 356. What is h(-21)?
-1
Let a(d) = 3601*d + 36093. Calculate a(-10).
83
Let a(o) = -o**3 + 9*o**2 + 263*o - 225. Calculate a(21).
6
Let v(n) = n**3 - 17*n**2 + 40*n - 57. Calculate v(15).
93
Let d(i) = i**2 + 114*i - 597. What is d(5)?
-2
Let h(c) = -c**3 - 9*c**2 + 326*c + 94. Calculate h(-23).
2
Let m(n) = -133*n - 2146. Give m(-16).
-18
Let b(y) = -2*y**3 + 19*y**2 + 2*y + 88. Calculate b(10).
8
Let a(j) = 1553*j - 7. What is a(0)?
-7
Let m(z) = z**3 + 7*z**2 - 804*z + 105. Determine m(25).
5
Let i(u) = -u**3 + 13*u**2 - 55*u + 500. What is i(12)?
-16
Let c(x) = -3*x**2 - 501*x + 8780. Give c(-183).
-4
Let l(s) = -246*s - 3833. What is l(-16)?
103
Let w(h) = h**3 - 6*h**2 - 58*h - 27. Calculate w(10).
-207
Let m(y) = -y**3 - 26*y**2 - 28*y - 27. Give m(-25).
48
Let i(k) = 50543*k + 50547. Give i(-1).
4
Let m(w) = -2192*w - 6595. Give m(-3).
-19
Let m(t) = -60*t**2 + 3*t - 11. Give m(2).
-245
Let o(m) = 2*m**3 + 6*m**2 - m + 29. Calculate o(-7).
-356
Let a(m) = -m**3 + 8*m**2 + 34*m - 284. Calculate a(7).
3
Let w(p) = -560*p + 2776. What is w(5)?
-24
Let r(i) = -16*i**3 - 4*i**2 + 4*i + 1. Determine r(1).
-15
Let g(v) = 41*v**2 + 267*v - 265. What is g(1)?
43
Let z(m) = 236*m - 5421. Determine z(23).
7
Let v(q) = -136*q + 1410. Give v(10).
50
Let z(t) = -6*t - 33. Determine z(20).
-153
Let o(s) = 40*s - 80. What is o(3)?
40
Let a(s) = -72*s + 840. What is a(13)?
-96
Let t(v) = -2*v**2 - 255*v - 7456. What is t(-82)?
6
Let b(s) = -142*s + 2305. Determine b(16).
33
Let l(w) = -w**3 - 7*w**2 + 4*w - 64. What is l(-11)?
376
Let n(h) = 3*h**2 + 50*h + 1. What is n(0)?
1
Let w(h) = 375*h + 3204. What is w(-8)?
204
Let a(f) = -12*f**2 - 21*f + 42. Calculate a(2).
-48
Let r(u) = -108*u - 575. Calculate r(-7).
181
Let x(t) = 58*t**2 - 95*t + 402. Determine x(4).
950
Let j(k) = 6*k**2 + 21*k - 35. Calculate j(2).
31
Let x(w) = 45*w + 382. Calculate x(-7).
67
Let t(d) = -315*d - 11334. What is t(-36)?
6
Let f(j) = -9*j - 594. Give f(-67).
9
Let u(x) = -x**3 + 83*x**2 - 85*x + 255. Give u(82).
9
Let r(u) = -115*u + 10326. Calculate r(90).
-24
Let f(r) = 3*r**2 + 1289*r - 20017. Give f(15).
-7
Let p(v) = -v**2 - 21*v - 11. Determine p(-23).
-57
Let b(a) = 26*a**2 + 5*a - 1. Give b(-1).
20
Let v(c) = -85*c - 2551. Give v(-30).
-1
Let s(w) = -2*w**3 + 98*w**2 + 542*w - 123. What is s(54)?
-15
Let o(d) = -d**3 + 5*d**2 + 110*d + 193. Give o(-7).
11
Let m(c) = -5*c**2 - 111*c + 95. Calculate m(-25).
-255
Let k(j) = -27*j**2 - 10*j - 26. What is k(4)?
-498
Let d(u) = -3*u**3 + 31*u**2 - 13*u + 24. What is d(10)?
-6
Let h(i) = 3*i**2 + 66*i - 276. Determine h(-23).
-207
Let v(i) = -2*i**2 - 271*i - 8658. What is v(-84)?
-6
Let g(w) = 2902*w - 29006. Give g(10).
14
Let w(h) = 4*h**3 - 93*h**2 + 588*h - 12993. Determine w(23).
2
Let t(m) = 43*m**3 - 8*m**2 - 7*m - 9. What is t(-2)?
-371
Let h(k) = -35*k**2 + 4. What is h(2)?
-136
Let n(c) = -2*c**2 + 71*c - 669. Give n(18).
-39
Let p(d) = -d**3 + 50*d**2 - 99*d + 193. Determine p(48).
49
Let a(j) = 36*j - 2258. Give a(63).
10
Let f(o) = -5*o**2 - 106*o + 1362. Calculate f(9).
3
Let t(b) = -345*b + 2759. What is t(8)?
-1
Let a(l) = -4*l**3 - 16*l**2 + 10*l + 51. Give a(-4).
11
Let o(j) = j**2 + 572*j + 6165. What is o(-11)?
-6
Let q(t) = -31*t**2 + 1311*t - 3663. What is q(3)?
-9
Let l(h) = 16*h**3 + 255*h**2 - 14*h + 50. Calculate l(-16).
18
Let z(i) = 839*i - 837. Give z(1).
2
Let n(i) = 17*i - 594. Give n(50).
256
Let t(q) = -174*q - 625. Give t(-7).
593
Let a(o) = 12*o**2 - 39*o + 95. Give a(3).
86
Let k(a) = 28*a + 26. Determine k(7).
222
Let o(z) = -z**3 + 5*z**2 + z - 33. Give o(7).
-124
Let g(u) = 49*u**2 - 932*u + 24. Give g(19).
5
Let p(i) = i**3 + i**2 - 3*i - 7. Determine p(-2).
-5
Let g(q) = -q**2 - 15*q - 46. Give g(0).
-46
Let t(z) = z**3 - 98*z**2 + 550*z + 486. Give t(92).
302
Let c(p) = p**3 - 23*p**2 - 17*p + 23. Determine c(23).
-368
Let l(o) = -11*o**2 - 46*o - 65. What is l(-4)?
-57
Let y(z) = -z**3 - 33*z**2 + 4*z - 212. Calculate y(-33).
-344
Let z(x) = 3*x**2 - 189*x - 796. Calculate z(66).
-202
Let g(q) = q**3 + 3*q**2 - 3*q - 9. Determine g(2).
5
Let n(y) = -y**2 - 8*y - 38. Calculate n(0).
-38
Let t(x) = -16*x + 15. Determine t(3).
-33
Let j(x) = -2*x**2 - 13*x - 16. Determine j(-3).
5
Let w(l) = -l**2 + 17*l - 65. Calculate w(10).
5
Let u(m) = -346*m - 695. Determine u(-2).
-3
Let l(c) = 80*c**2 + 23*c - 17. What is l(1)?
86
Let h(f) = 365*f + 2188. Give h(-6).
-2
Let h(f) = -3*f**2 + 131*f + 8293. Give h(79).
-81
Let c(s) = -61*s + 7803. Give c(129).
-66
Let y(v) = -v**3 - 8*v**2 + 14*v - 51. What is y(-12)?
357
Let c(j) = 272*j + 2153. Give c(-8).
-23
Let f(m) = 21*m + 1822. Give f(-77).
205
Let a(y) = -y**2 - 17*y - 54. Give a(-11).